{"id":39,"date":"2014-03-06T15:58:16","date_gmt":"2014-03-06T15:58:16","guid":{"rendered":"http:\/\/fritzi.arnesweb.de\/?page_id=39"},"modified":"2014-03-06T15:58:16","modified_gmt":"2014-03-06T15:58:16","slug":"ich-bin-die-fritzi","status":"publish","type":"page","link":"https:\/\/arnesweb.de\/fritzi\/","title":{"rendered":"Ich bin die Fritzi!"},"content":{"rendered":"<div id=\"attachment_11\" style=\"width: 650px\" class=\"wp-caption aligncenter\"><a href=\"https:\/\/arnesweb.de\/fritzi\/wp-content\/uploads\/sites\/3\/2014\/02\/P1010151.jpg\" rel=\"lightbox[39]\"><img loading=\"lazy\" decoding=\"async\" aria-describedby=\"caption-attachment-11\" class=\"size-large wp-image-11\" alt=\"Fritzi schaut\" src=\"https:\/\/arnesweb.de\/fritzi\/wp-content\/uploads\/sites\/3\/2014\/02\/P1010151-1024x576.jpg\" width=\"640\" height=\"360\" srcset=\"https:\/\/arnesweb.de\/fritzi\/wp-content\/uploads\/sites\/3\/2014\/02\/P1010151-1024x576.jpg 1024w, https:\/\/arnesweb.de\/fritzi\/wp-content\/uploads\/sites\/3\/2014\/02\/P1010151-300x169.jpg 300w, https:\/\/arnesweb.de\/fritzi\/wp-content\/uploads\/sites\/3\/2014\/02\/P1010151-768x432.jpg 768w, https:\/\/arnesweb.de\/fritzi\/wp-content\/uploads\/sites\/3\/2014\/02\/P1010151-1536x864.jpg 1536w, https:\/\/arnesweb.de\/fritzi\/wp-content\/uploads\/sites\/3\/2014\/02\/P1010151-2048x1152.jpg 2048w\" sizes=\"auto, (max-width: 640px) 100vw, 640px\" \/><\/a><p id=\"caption-attachment-11\" class=\"wp-caption-text\">Ich bin die Fritzi<\/p><\/div>\n<p>Ich wurde im November 2012 in Kavalla, einer Stadt im Norden von Griechenland geboren. Als ich noch ganz klein war, wurde meine Mutter vergiftet, so dass ich mich mit meinen drei Geschwistern alleine durchschlagen musste. Zum Gl\u00fcck wurden wir von ein paar netten Tiersch\u00fctzern von <a href=\"http:\/\/www.tiere-in-not-griechenland.de\/\" target=\"_blank\" rel=\"noopener\">Tiere in Not Griechenland<\/a> aufgenommen, sonst w\u00e4ren wir wohl schon im Hundehimmel.<\/p>\n<p>Meine Geschwister hei\u00dfen Bronzy (jetzt Gypsy), Silvy und Goldy (jetzt Maya). Ich hie\u00df damals noch Platina, habe mich nun aber in Fritzi umbenannt, was prima zu mir passt. Auf dieser Seite m\u00f6chte ich ein wenig schreiben, wie es mir so ergeht.<\/p>\n","protected":false},"excerpt":{"rendered":"<p>Ich wurde im November 2012 in Kavalla, einer Stadt im Norden von Griechenland geboren. Als ich noch ganz klein war, wurde meine Mutter vergiftet, so dass ich mich mit meinen drei Geschwistern alleine durchschlagen musste. Zum Gl\u00fcck wurden wir von &hellip; <a href=\"https:\/\/arnesweb.de\/fritzi\/\">Weiterlesen <span class=\"meta-nav\">&rarr;<\/span><\/a><\/p>\n","protected":false},"author":1,"featured_media":0,"parent":0,"menu_order":0,"comment_status":"closed","ping_status":"open","template":"","meta":{"footnotes":""},"class_list":["post-39","page","type-page","status-publish","hentry"],"_links":{"self":[{"href":"https:\/\/arnesweb.de\/fritzi\/wp-json\/wp\/v2\/pages\/39","targetHints":{"allow":["GET"]}}],"collection":[{"href":"https:\/\/arnesweb.de\/fritzi\/wp-json\/wp\/v2\/pages"}],"about":[{"href":"https:\/\/arnesweb.de\/fritzi\/wp-json\/wp\/v2\/types\/page"}],"author":[{"embeddable":true,"href":"https:\/\/arnesweb.de\/fritzi\/wp-json\/wp\/v2\/users\/1"}],"replies":[{"embeddable":true,"href":"https:\/\/arnesweb.de\/fritzi\/wp-json\/wp\/v2\/comments?post=39"}],"version-history":[{"count":0,"href":"https:\/\/arnesweb.de\/fritzi\/wp-json\/wp\/v2\/pages\/39\/revisions"}],"wp:attachment":[{"href":"https:\/\/arnesweb.de\/fritzi\/wp-json\/wp\/v2\/media?parent=39"}],"curies":[{"name":"wp","href":"https:\/\/api.w.org\/{rel}","templated":true}]}}

<div id="attachment_11" style="width: 650px" class="wp-caption aligncenter"><a href="https://arnesweb.de/fritzi/wp-content/uploads/sites/3/2014/02/P1010151.jpg" rel="lightbox[39]"><img loading="lazy" decoding="async" aria-describedby="caption-attachment-11" class="size-large wp-image-11" alt="Fritzi schaut" src="https://arnesweb.de/fritzi/wp-content/uploads/sites/3/2014/02/P1010151-1024x576.jpg" width="640" height="360" srcset="https://arnesweb.de/fritzi/wp-content/uploads/sites/3/2014/02/P1010151-1024x576.jpg 1024w, https://arnesweb.de/fritzi/wp-content/uploads/sites/3/2014/02/P1010151-300x169.jpg 300w, https://arnesweb.de/fritzi/wp-content/uploads/sites/3/2014/02/P1010151-768x432.jpg 768w, https://arnesweb.de/fritzi/wp-content/uploads/sites/3/2014/02/P1010151-1536x864.jpg 1536w, https://arnesweb.de/fritzi/wp-content/uploads/sites/3/2014/02/P1010151-2048x1152.jpg 2048w" sizes="auto, (max-width: 640px) 100vw, 640px" /></a><p id="caption-attachment-11" class="wp-caption-text">Ich bin die Fritzi</p></div>
<p>Ich wurde im November 2012 in Kavalla, einer Stadt im Norden von Griechenland geboren. Als ich noch ganz klein war, wurde meine Mutter vergiftet, so dass ich mich mit meinen drei Geschwistern alleine durchschlagen musste. Zum Glück wurden wir von ein paar netten Tierschützern von <a href="http://www.tiere-in-not-griechenland.de/" target="_blank" rel="noopener">Tiere in Not Griechenland</a> aufgenommen, sonst wären wir wohl schon im Hundehimmel.</p>
<p>Meine Geschwister heißen Bronzy (jetzt Gypsy), Silvy und Goldy (jetzt Maya). Ich hieß damals noch Platina, habe mich nun aber in Fritzi umbenannt, was prima zu mir passt. Auf dieser Seite möchte ich ein wenig schreiben, wie es mir so ergeht.</p>

<p>Ich wurde im November 2012 in Kavalla, einer Stadt im Norden von Griechenland geboren. Als ich noch ganz klein war, wurde meine Mutter vergiftet, so dass ich mich mit meinen drei Geschwistern alleine durchschlagen musste. Zum Glück wurden wir von &hellip; <a href="https://arnesweb.de/fritzi/">Weiterlesen <span class="meta-nav">&rarr;</span></a></p>
